 - 8*c**2 - 8*c + 7. Let a be m(-7). Suppose 4*s - 101 = -3*g - a, g = -s + 21. What are the prime factors of s?
2, 3
Suppose -c - g - 6 = 0, 0*c - 4*c + 5*g = -21. Let m(h) = -15*h + 1. List the prime factors of m(c).
2
Let t = 34 - 21. What are the prime factors of t?
13
Let c(t) = t + 14. Let k be c(-12). Suppose 0 = 4*o + k*o - 198. List the prime factors of o.
3, 11
What are the prime factors of 484/8 + (-3)/(-2)?
2, 31
Let m be (-4)/(-6)*(-6 - 3). Let a(v) = -2*v - 5. List the prime factors of a(m).
7
Suppose 0 = -0*i + 17*i - 2210. What are the prime factors of i?
2, 5, 13
Let o(u) = u**2 + 4*u - 1. Let w be o(-5). Let d = 7 - 14. What are the prime factors of -2 + w - (d - -1)?
2
Let z(s) = 2*s**2 - 3*s + 3. Let v be z(2). Suppose v*b + 13 = 2*d, -5*d + 82 = b + 3*b. What are the prime factors of d?
2, 7
Suppose -w - 16 = -5*w. Let b(l) = 2*l**2 - 4*l - 5. What are the prime factors of b(w)?
11
Let k be 1 - (-3 - -40)/(-1). Suppose t + k = 3*t. List the prime factors of t.
19
Let s(b) = -b + 3. Let u be s(0). Suppose k + 16 = -u*k. Let q = k + 7. List the prime factors of q.
3
Let z be 1*2*(-9)/(-6). Suppose 151 = z*b + 2*b - t, -t = 1. List the prime factors of b.
2, 3, 5
Let b = 3 + -5. List the prime factors of 1/(1 - (-1)/b).
2
List the prime factors of (-1)/(-2) - (0 - 81/2).
41
Let h be (-2)/(-2) - -15 - 2. Let q be (-276)/(-14) + 4/h. Let f = q - 10. List the prime factors of f.
2, 5
Suppose 58 = s - 3. List the prime factors of s.
61
Let s = -17 + 23. Suppose 0 = -3*f + s*f - 144. What are the prime factors of f?
2, 3
Suppose -3*p + j + 95 = 0, -p + 101 = 2*p + 5*j. Suppose 3*a - 12 = -2*u - u, 5*a - p = -2*u. List the prime factors of a.
2
Let f = 5 - 2. Suppose -f*n + 21 = -3. What are the prime factors of n?
2
Let c = 8 - 4. Suppose -b + 65 = c*g, -g + 12 = -0*b - 4*b. List the prime factors of g.
2
Suppose -432 = -0*r - 4*r. List the prime factors of r.
2, 3
List the prime factors of (10*1)/((-9)/(-63)).
2, 5, 7
List the prime factors of 1/3*(-60)/(-5).
2
Let i(k) = -k**3 + 11*k**2 + 8*k + 19. List the prime factors of i(11).
107
Let r(z) = -21*z + 3. Let o be r(-5). Let d = 163 - o. Suppose -c - 15 = -2*g - 0*c, c = -5*g + d. What are the prime factors of g?
2, 5
Let l = 1 - -1. Let z be 284/(-18) + l/(-9). Let d = -6 - z. List the prime factors of d.
2, 5
Let j = -34 + 76. What are the prime factors of j?
2, 3, 7
Suppose 5*r - 100 = r. What are the prime factors of r?
5
Suppose i + 2*i - 25 = -5*j, -5*i - 4*j = -46. Let k = i - -20. List the prime factors of k.
2, 3, 5
Let w be 90/27 - 2/(-3). Suppose v - 2*v = -w*b - 19, 0 = v + 2*b - 13. List the prime factors of v.
3, 5
Suppose -3*q + 5*i = 15, q - 4*q + 3*i - 15 = 0. Let z(g) = -2*g + 7. List the prime factors of z(q).
17
Let g be 1 - (2 - -38) - -3. List the prime factors of (g/(-14))/((-3)/(-28)).
2, 3
Let z be (5 + 1)*(-8)/(-24). Suppose a - z*k + 77 = 4*a, -2*k - 10 = 0. List the prime factors of a.
29
List the prime factors of (-7 - -3)*(3 - 0 - 21).
2, 3
Suppose -21*s + 18*s + 234 = 0. What are the prime factors of s?
2, 3, 13
Suppose q = 8*q - 1106. What are the prime factors of q?
2, 79
Let d = 28 - 10. Suppose -4*g = 3*t - d, -3*g - 2*t + 16 = g. Suppose -10 - g = -f. What are the prime factors of f?
13
Suppose -o - 33 = -4*o. Suppose 0*s + k - 1 = -s, 4*k = -s - o. Suppose 3*q + s = 17. What are the prime factors of q?
2
Let z(g) = -1 + 7*g**2 + 2 - g**2 + 3*g**2. Let f(y) = y + 3. Let p be f(-2). List the prime factors of z(p).
2, 5
Let k = -27 + 53. Suppose 6*l + k = 8*l. What are the prime factors of l?
13
Suppose d - 23 = -8*z + 3*z, z = -d + 11. List the prime factors of d + 4 + -3 + 1.
2, 5
Let p(f) be the second derivative of -1/2*f**2 + 1/3*f**3 + 2*f + 0. What are the prime factors of p(5)?
3
Let u = 29 + -15. What are the prime factors of u?
2, 7
Let w(n) = 4*n. Let l(d) = d + 1. Let o(x) = 3*l(x) - w(x). Let v = -2 + 2. List the prime factors of o(v).
3
Let c(j) = -j - 2. Let a be c(-5). Let m(v) = v + 4. Let s be m(a). Suppose -3*n - 9 = 0, -g - 1 + s = n. List the prime factors of g.
3
Let p = 30 - 5. Suppose 4*l - 16 = 2*l + 2*f, 0 = -5*f - p. Suppose l*c - 3*x - 31 = -7, -4*c - 2*x + 14 = 0. List the prime factors of c.
5
Suppose 0*d + 4*d = -12. Let w = d - -22. Suppose 0 = -2*v - 3*q + w - 5, q + 2 = 0. List the prime factors of v.
2, 5
Let b(u) = -u**2 - 35*u - 24. List the prime factors of b(-26).
2, 3, 5, 7
Suppose 4*h = -5*w + 276, -2*w + 3*w = 0. What are the prime factors of h?
3, 23
Let d be (-6)/(-15) + 114/15. Suppose 0 = -5*i - 2*t + 25, -3*t - d = -2*i + 2. List the prime factors of i.
5
Let b = 8 - -28. List the prime factors of b.
2, 3
Suppose -5*z + 161 = 3*x, -5*x + 121 = z + 3*z. List the prime factors of z.
2, 17
Let m(h) = -h**3 + 22*h + 7. What are the prime factors of m(-6)?
7, 13
Suppose 0 = 4*h + 3 + 5. Let a be -3*2/h - -20. Let n = 37 - a. List the prime factors of n.
2, 7
Suppose 4*b = -d + 167 + 331, 4*d = -3*b + 380. What are the prime factors of b?
2, 31
Suppose -68 = -0*t - 2*t. What are the prime factors of t?
2, 17
Let v(z) = -z**3 + 2*z + 3 + 0*z**3 - 1 + z**2. Let d be v(-2). Suppose -s = s - d. List the prime factors of s.
5
Let n = 12 + 10. What are the prime factors of n?
2, 11
Let v(i) = 7*i**3 - 2*i**2 - 8*i + 7. What are the prime factors of v(3)?
2, 7, 11
Let w = 6 - 3. List the prime factors of 17*1 + -5 + w.
3, 5
Suppose 13 - 2185 = -12*v. List the prime factors of v.
181
List the prime factors of 138/4 - (-9)/(-6).
3, 11
Let q = 411 - 209. What are the prime factors of q?
2, 101
Let d be 14/3 - (-2)/(-3). Let z(k) = -k**2 - 4*k. Let c be z(-3). Suppose d*o - c*r = 51, -5*o + 11 = 2*r - 24. List the prime factors of o.
3
Let s(n) be the second derivative of -n**5/20 - 2*n**4/3 - 3*n**3/2 + n**2 - 6*n. List the prime factors of s(-7).
2
Suppose -2*r = -6*r - 3*d + 121, -4*r + 4*d + 100 = 0. List the prime factors of 7/r - (-75)/4.
19
Let u = 22 + -3. Let y = 37 - u. What are the prime factors of y?
2, 3
Suppose 3*n - 77 = 343. What are the prime factors of n?
2, 5, 7
Suppose 0 = -d - 0*d + 16. Let r = -10 + d. List the prime factors of r/21 - 108/(-14).
2
What are the prime factors of -3 + 124 - (2 + (-6)/3)?
11
Suppose -4*j + 10 = j. Suppose -j*n = -3*n - 10. Let p = -7 - n. List the prime factors of p.
3
Suppose 5*s = 19 - 4. Suppose -p = 3*m + 11, s*m = -4*p - 28 + 2. List the prime factors of (m + 0)*(2 + -6).
2
Suppose 9 = 4*f + 1. Let q be (-1)/(f/(-4)) - -1. Suppose q*s + 6 = u + 2*s, u - 3*s = 10. What are the prime factors of u?
2
Suppose 373 = -5*f + 1893. What are the prime factors of f?
2, 19
Let n(c) = c**3 - 6*c**2 + 4*c + 5. Let g be n(5). Let s = 11 - g. What are the prime factors of s?
11
Suppose 0*q + 6 = 2*q. Suppose 8 - 5 = k. Suppose 20 = 5*y - k*j, 0 = -y - y + q*j - 1. List the prime factors of y.
7
Let t be ((1 + 0)*-1)/1. Let m = -5 - t. List the prime factors of (-108)/(-9)*m/(-6).
2
Let n(x) = -22*x**2 + 1. Let t be n(1). Let z = t + 35. Suppose -2*b + z + 8 = 0. What are the prime factors of b?
11
Let i(z) = z**2 + 2*z + 3. Let y be i(-2). Suppose y*j - v = 91, 0 = 4*j - 9*j - 2*v + 159. List the prime factors of j.
31
Suppose 3*f = -4*z + 825, -627 = -0*z - 3*z - 5*f. Suppose 42 = -3*l + z. Suppose -l = -3*s - 15. List the prime factors of s.
13
Let c = 27 + -46. Let s = -10 - c. Let t = 13 - s. What are the prime factors of t?
2
Let n(r) = -r**2 + 6*r + 5. Let p be n(-4). Let u = 49 + p. What are the prime factors of u?
2, 7
Let w(i) = -5*i + 2. Let f be w(-2). Suppose b - 3 = 4*s, s + 3*b - f = -b. Suppose s = 5*g + 12 - 42. What are the prime factors of g?
2, 3
Suppose 0 = 4*g - 9*g + 155. What are the prime factors of g?
31
Suppose -4*h = v + 19, 2*v - 2*h - 11 = v. List the prime factors of ((-6)/v)/(6/(-9)).
3
Let p = -8 - -13. Suppose -p*w = -110 - 0. List the prime factors of w.
2, 11
Let v = -10 - -13. Suppose 0*j = -j - v, -3*c + 66 = 2*j. List the prime factors of c.
2, 3
Let j(m) = m**3 + 6*m**2 - m. Let y be j(-6). Suppose q - 1 = y. Let p = q - -7. List the prime factors of p.
2, 7
Suppose -596 = -4*j + 2*s, -j = 3*j + 5*s - 596. List the prime factors of j.
149
Let a(v) = -v**3 - 7*v**2 + v + 10. Let h be a(-7). Suppose -h*p - 2*p + 5*y = -35, 5 = -y. W